
3
Suppose 101 = 3*t - 2*a, -7*a - 16 = -3*a. What are the prime factors of t?
31
Let m(a) = -a. Let v(j) = -2*j**3 - j**2 - j + 1. Let c be v(1). Let q be m(c). List the prime factors of q/24*14*4.
7
Suppose 150 = 2*z + 3*z. What are the prime factors of z?
2, 3, 5
Let h = 73 + -49. What are the prime factors of h?
2, 3
Suppose -3*b + 8*b = 0. Suppose -3*m - m + a + 126 = b, -a = 3*m - 91. List the prime factors of m.
31
Suppose 16*y = 17*y - 66. List the prime factors of y.
2, 3, 11
Let z = -21 + 52. What are the prime factors of z?
31
Suppose n - 6 = 5. List the prime factors of n.
11
List the prime factors of (2 - (-15)/(-10))*12.
2, 3
Let h = -13 + 16. Let p(m) = 16*m - 1. List the prime factors of p(h).
47
Suppose -67 + 427 = 2*d. List the prime factors of d.
2, 3, 5
Let l(v) = v**3 + 2*v**2 - 4*v + 3. Let x be l(2). Suppose -j + 2*n + 17 + x = 0, 0 = 2*j + 5*n - 47. List the prime factors of j.
2, 13
Let a(i) = 1 - 2 - 3*i + 3 + 4*i - i**3. Let w be a(0). Suppose -23 = -w*d + 5*c, -5*d + 2*c + 18 = -71. What are the prime factors of d?
19
What are the prime factors of (34/(-5))/((4/(-5))/4)?
2, 17
Suppose -48 = -2*n + 82. List the prime factors of n.
5, 13
Let n(o) = -o**2 - 7*o + 8. Let t be n(-8). Suppose 9 = 2*x + x, 2*a - 3*x - 11 = t. List the prime factors of a.
2, 5
Suppose 3*y + 27 = 2*i, -3*i + 0*y + 35 = y. What are the prime factors of i?
2, 3
Suppose 0 = 2*t + 3*t - 50. Suppose t = k - 1. What are the prime factors of k?
11
Let c(t) = -t**3 + 4*t**2 - 4*t + 2. What are the prime factors of c(2)?
2
Suppose 4*l = 300 + 412. What are the prime factors of l?
2, 89
Suppose j = -2, 4*f + 0*j + 2*j = 0. Suppose 2*d - f = 3. Suppose -3*u = -d*u - 3. List the prime factors of u.
3
Let y = 8 - 1. List the prime factors of 75/y + (-6)/(-21).
11
Let m be (-3)/(3/1) + 154. Let z be (-2)/((-3)/(m/6)). Let g = -11 + z. What are the prime factors of g?
2, 3
Let x = -40 - -61. List the prime factors of x.
3, 7
Suppose -9*o - 31 + 1147 = 0. List the prime factors of o.
2, 31
Let v be (-2)/5*(-8 - 2). List the prime factors of -2*(-18)/v + 1.
2, 5
Suppose 284 = 4*f - 4*v + v, 8 = -2*v. List the prime factors of f.
2, 17
Let k be (1 + 3)/2 + 2. Let w be 14/(-84) - (-49)/6. Suppose -k*r = 2*y + w, 3*r + 14 = 5. List the prime factors of y.
2
Suppose 10 = 3*d - 20. Let o be 12/10*d/3. Suppose 0 = f + o*h + 6, 0 = f - 0*f - 5*h - 21. What are the prime factors of f?
2, 3
Suppose 3*a = -s + 143, 3*a + 801 = 5*s + 50. List the prime factors of s.
149
Let z(i) = -i + 20. What are the prime factors of z(0)?
2, 5
Let q = -13 - -4. Let c = -17 - q. Let n = -1 - c. What are the prime factors of n?
7
Let v(n) = -n - 1. Let p(g) = g + 6. Let r(a) = a + 1. Let h(m) = p(m) + r(m). Let f(q) = h(q) + 3*v(q). List the prime factors of f(-3).
7
Suppose v + 16 = -3*f, 0 = 7*v - 2*v - f + 144. Suppose -2*n + 80 = -4*n. Let c = v - n. What are the prime factors of c?
2, 3
Let t(h) = -h**2 - 8*h. Let p be t(-4). Let q = -23 + 14. Let j = p + q. List the prime factors of j.
7
Suppose 0 + 2 = l. Suppose 8 = -4*v, -l = y - v + 3*v. List the prime factors of y.
2
Suppose 107*o - 108*o + 151 = 0. What are the prime factors of o?
151
Let y(d) = 2*d**2 - 8*d + 6. Let s be 0/4 + 6 + -1. Let r be y(s). What are the prime factors of (-4)/r + 122/8?
3, 5
Let h = 11 + -10. List the prime factors of h - -2 - 220/(-4).
2, 29
Suppose 3*g - 4*x = 169, 2*g = 5*g + x - 164. What are the prime factors of g?
5, 11
Let v(o) = 3*o + 3. Let h be v(-4). Let m be 8/18*87 + 6/(-9). What are the prime factors of 4/(-18) - m/h?
2
Suppose -4*v + 0 = w - 2, v = 0. Suppose w*z = -0*z + 48. What are the prime factors of z?
2, 3
Let p(d) = -d - 6. Let x be p(-8). Suppose q - 3*n - 17 = 0, -2*q + x*n + 51 = q. List the prime factors of q.
17
Let t(k) = 3*k**2 + 6*k - 6. What are the prime factors of t(-7)?
3, 11
Suppose 5 = j + 2. Let u be j + -3*1/(-3). List the prime factors of 1 - u*(-1 - 1).
3
Let z = 7 - 5. Suppose 2*v = -z*v. Suppose v = w - 4 - 3. What are the prime factors of w?
7
Let p(r) = 6 + r + 5*r**2 + 3*r - r - r**3 - 2*r. Let j be p(6). Let w = 41 + j. List the prime factors of w.
17
Suppose 2*t - 39 = -3*a + 2*a, -5*a = t - 42. Let g = t + 16. Suppose j - 7 = -4*q + 4, -3*j + 3*q = -g. List the prime factors of j.
11
Let k be ((-5)/1)/(1/3). Let l(v) = -10*v**2 + v. Let d be l(-1). Let m = d - k. List the prime factors of m.
2
Let d(f) = 11*f - 13. What are the prime factors of d(5)?
2, 3, 7
Suppose -74 - 16 = -6*p. What are the prime factors of p?
3, 5
Let l(y) = -5*y + 1. What are the prime factors of l(-8)?
41
Let f(g) = 2*g**2 + 3*g - 1. Let z be 0 + 4 + 1*-2. List the prime factors of f(z).
13
Let z = 168 - -19. What are the prime factors of z?
11, 17
Suppose r - 34 = -4*y + 6*r, -r = -y + 8. Suppose -5*b = -y*b + 11. What are the prime factors of b?
11
What are the prime factors of (4 - -16)*(2 - 1)?
2, 5
Suppose 3*g + 5*h - 32 - 57 = 0, -4*h - 8 = 0. What are the prime factors of g?
3, 11
Let a(b) = -5*b - 47. Let q(h) = -2*h - 16. Let j(o) = 3*a(o) - 8*q(o). Let y be j(9). What are the prime factors of ((-18)/y)/(6/12)?
3
What are the prime factors of (-16)/72 - (-2074)/18?
5, 23
Let s be (-4)/(-14) + 725/35. Let l = -8 - -11. Suppose -l*i - s = -6*i. List the prime factors of i.
7
Let r be (-3)/6 - (-39)/2. Suppose 0 = 5*a - r - 1. What are the prime factors of a?
2
Let p = -118 - -35. Let y = -54 - p. What are the prime factors of y?
29
List the prime factors of (1 - 3 - -18) + -2.
2, 7
What are the prime factors of (3 + 1 - 2) + 35?
37
Let q(r) = -r**2 - 9*r + 6. What are the prime factors of q(-8)?
2, 7
Suppose 2*h - 11 = 5*c, 4*h - 3*c = -c + 14. Let o(k) = h*k**2 + 7*k - 2*k - 3 - 4*k**2. What are the prime factors of o(3)?
3
List the prime factors of ((-1)/3*2)/((-12)/468).
2, 13
Let q(y) = y**3 - 7*y**2 + 5*y + 7. Let l be q(6). Let d be l - 1 - (1 - 3). List the prime factors of (-18)/(-2) - (-2)/d.
2, 5
Let w be 136/22 + 8/(-44). Let k be 3/(3/2 + 0). Suppose w = x + k. List the prime factors of x.
2
Suppose 10 = -4*h - h. Let x be (-3 - h) + (-3)/(-1). What are the prime factors of 1 - x - 1*-8?
7
Suppose 6 = 3*j - 12. What are the prime factors of (-14)/(-4)*j - 1?
2, 5
Let a = 3 + 11. Suppose -3*q - 36 = -2*v, -2*v - 4*q - a + 36 = 0. List the prime factors of v.
3, 5
Let i be -1*16/12*-6. Suppose -2*f - i = -36. List the prime factors of f.
2, 7
Let w be ((-12)/(-4))/((-6)/(-8)). Suppose 5*b + 67 = 3*y, 2*y - w*b + 52 = 4*y. What are the prime factors of y?
2, 3
Suppose 3*g - 1 - 12 = -z, 0 = -2*z + 2*g + 66. What are the prime factors of z?
2, 7
Let n be (-3)/(2 + (-11)/4). Let y = n - 20. Let s = y + 30. List the prime factors of s.
2, 7
Let m be (-1 + -1 + 3)/1. Let z be 1*(-1 - (2 - m)). Let x = z - -8. What are the prime factors of x?
2, 3
Suppose -3*q - 5*c + c + 124 = 0, 120 = 3*q + 3*c. Suppose -10*g = -7*g - q. What are the prime factors of g?
2, 3
Suppose -5*t = -u + 3, u - 5*u + 2*t = -12. Let j be 8/(6/15*1). Suppose u*r - j = -r. List the prime factors of r.
5
Let p(k) = -17*k. What are the prime factors of p(-1)?
17
Suppose -2*w - 2*z = 2*w - 10, w = -3*z + 15. Suppose a - 6*a + 50 = w. List the prime factors of a.
2, 5
Let j(p) = -2*p + 2. Let u be j(-6). Let f be (-290)/u + (-6)/21. Let b = -10 - f. What are the prime factors of b?
11
Let f(v) = -2*v**2 + 8*v - 6. Let z be f(5). Let p = z - -26. What are the prime factors of p?
2, 5
Let o = -36 + 59. What are the prime factors of o?
23
Let f(c) = -2*c + 1. Let k be f(-2). Suppose -w = -k*w + 12. Suppose -w*g = -4*g + 4. List the prime factors of g.
2
Suppose 5*a = 2*k + 50, 4*a + 4*k = -8 + 20. Suppose -24 = -a*z + 5*z. List the prime factors of z.
2
Suppose -3 = g - 1. Let y be (g/(-3) - -2)*3. What are the prime factors of 9/6*y/6?
2
Suppose r + 245 = 3*l - 431, 2*l + 2*r - 440 = 0. Let n = -144 + l. Suppose -5*y + n = -5. List the prime factors of y.
17
Let s(x) = -40*x + 5. What are the prime factors of s(-2)?
5, 17
What are the prime factors of ((435/(-10))/3)/((-2)/16)?
2, 29
Suppose -3*h + 4*h = 5*z - 14, 5*h - 3*z = 18. Suppose 0 = h*x - 2*x + 64. List the prime factors of (-2)/(-5) - x/10.
2
Suppose -33*j + 42*j = 576. What are the prime factors of j?
2
What are the prime factors o